In base 8, what is -3 + 374004?
374001
In base 9, what is 3 + 50475?
50478
In base 10, what is 15 + 19863?
19878
In base 15, what is 31 + 1c4c?
1c7d
In base 10, what is 40 - -4103?
4143
In base 2, what is -111 + 101001100111100110?
101001100111011111
In base 11, what is -1507a - 0?
-1507a
In base 14, what is -11c - 6?
-124
In base 15, what is -5 - -585?
580
In base 11, what is 1a853 - -91?
1a934
In base 9, what is -17625 + 1?
-17624
In base 4, what is 101 - 201320?
-201213
In base 11, what is -5 - -219914?
21990a
In base 9, what is -6263 - 16?
-6280
In base 3, what is 110122 + 11002220?
11120112
In base 14, what is -1130 + -9?
-1139
In base 13, what is 2 - -48b3?
48b5
In base 11, what is 6 - 22820?
-22815
In base 5, what is -11013 + -30?
-11043
In base 15, what is -86 - 1d8?
-26e
In base 10, what is -3 - 8935?
-8938
In base 16, what is -1fd3 + 1?
-1fd2
In base 11, what is 0 + 272267?
272267
In base 11, what is a2 - -12754?
12846
In base 2, what is -10001100 + 10100101?
11001
In base 6, what is 0 + 11501341?
11501341
In base 2, what is -10110101111 - 1000001000?
-11110110111
In base 5, what is -224320 - 10?
-224330
In base 7, what is -1123521 - 0?
-1123521
In base 6, what is 15102 - 1040?
14022
In base 13, what is -b59 + 46?
-b13
In base 8, what is -550240 + -12?
-550252
In base 10, what is 37 - -2300?
2337
In base 3, what is -11011022200 + -20?
-11011022220
In base 16, what is -a + -2a91?
-2a9b
In base 12, what is 2699a - -2?
269a0
In base 14, what is c63 - 1?
c62
In base 3, what is 100 + -1200012212?
-1200012112
In base 9, what is -22 + -1811?
-1833
In base 8, what is 3 - 21265?
-21262
In base 13, what is -31b - -2a5?
-46
In base 5, what is 2433 - -21042?
24030
In base 10, what is 7 - -5694?
5701
In base 6, what is 40 - -2314053?
2314133
In base 10, what is -160 + 5439?
5279
In base 11, what is 582512 + -5?
582508
In base 8, what is -1346 + -50?
-1416
In base 9, what is -20748 - -12?
-20736
In base 7, what is 1504 + -14535?
-13031
In base 16, what is 50 - d34?
-ce4
In base 5, what is 10 + 142244?
142304
In base 2, what is 0 + 1111010100000001?
1111010100000001
In base 9, what is 1665403 - 5?
1665387
In base 12, what is -1aa0909 + 5?
-1aa0904
In base 4, what is 10103 + -22?
10021
In base 12, what is 1609 + -20?
15a9
In base 16, what is 2523c + 0?
2523c
In base 14, what is -134d8 + -1?
-134d9
In base 7, what is 2412 + -26?
2353
In base 8, what is 3 + 2071132?
2071135
In base 4, what is -2301333 + 23122?
-2212211
In base 9, what is -8636 - -20?
-8616
In base 16, what is -4 + 1d0bc?
1d0b8
In base 5, what is -10024 - 1213?
-11242
In base 13, what is 22653 + 7?
2265a
In base 9, what is 0 - -2168?
2168
In base 13, what is 3 - -15611?
15614
In base 14, what is -9318 - -4?
-9314
In base 3, what is -1100022012 - -101012?
-1022221000
In base 9, what is 8435 - -32?
8467
In base 8, what is -623 - -3104?
2261
In base 2, what is -1011 - -10000111111?
10000110100
In base 7, what is -20043 - 32?
-20105
In base 11, what is 39809 - 2?
39807
In base 14, what is -2c + 17c4?
1796
In base 16, what is -3adc - -10?
-3acc
In base 13, what is -10c417 + -5?
-10c41c
In base 7, what is 3 - -345251?
345254
In base 15, what is -ba + 51?
-69
In base 12, what is 6 + -40903?
-408b9
In base 13, what is -703 + -154?
-857
In base 9, what is -6206 - 6?
-6213
In base 13, what is -13ccb + 33?
-13c98
In base 4, what is -3123023 - 1?
-3123030
In base 15, what is -3 - -37ed0?
37ecc
In base 13, what is -281 + -552?
-803
In base 2, what is -11110010111100 - 1101?
-11110011001001
In base 4, what is 0 - 21022313?
-21022313
In base 7, what is -21 + 324?
303
In base 14, what is 35c06 - -7?
35c0d
In base 10, what is 338 + -2771?
-2433
In base 9, what is -5642 + 3?
-5638
In base 9, what is 2 - -2050?
2052
In base 16, what is -8 - 1adcc?
-1add4
In base 15, what is -21610 - 8?
-21618
In base 12, what is 5 - 8893?
-888a
In base 4, what is -110030 + -1?
-110031
In base 8, what is 4764603 + -1?
4764602
In base 16, what is -36 - 4c7e?
-4cb4
In base 7, what is 1 + -4435246?
-4435245
In base 6, what is -111311525 + -2?
-111311531
In base 8, what is 14 - 3525?
-3511
In base 15, what is -497e9 - 4?
-497ed
In base 8, what is 1312 - -625?
2137
In base 7, what is 36 - -123133?
123202
In base 9, what is -14018 + -7?
-14026
In base 13, what is 22 + a2b?
a50
In base 6, what is 2 - 14313035?
-14313033
In base 12, what is -260 + 13?
-249
In base 3, what is 21 - 1110112112?
-1110112021
In base 14, what is -2 + b67d?
b67b
In base 2, what is 1011100101 - -11?
1011101000
In base 13, what is -1c06046 + -2?
-1c06048
In base 10, what is 189 + -161?
28
In base 11, what is -4 + 25a81a?
25a816
In base 4, what is 10230311 - 12?
10230233
In base 6, what is 331454 - -10?
331504
In base 2, what is 1001 - -1001000100111?
1001000110000
In base 6, what is -101203 + -233?
-101440
In base 10, what is -66 + 906?
840
In base 12, what is -378 - b85?
-1341
In base 9, what is 0 - -67003?
67003
In base 6, what is -15 + 54511?
54452
In base 15, what is 5 - -2256?
225b
In base 8, what is -46163 + -2?
-46165
In base 12, what is 15 - 11a74?
-11a5b
In base 8, what is 741 - 544?
175
In base 3, what is 1 - -1111202210202?
1111202210210
In base 6, what is 14 + -10203?
-10145
In base 16, what is -3849b - 0?
-3849b
In base 5, what is -30403 + -24341?
-110244
In base 3, what is 11 + -202020101012?
-202020101001
In base 2, what is 1100011101 + 10100?
1100110001
In base 15, what is -10818 - 3?
-1081b
In base 8, what is -315 + 110?
-205
In base 8, what is 1271442 - -2?
1271444
In base 7, what is -102254 + 3?
-102251
In base 13, what is -23ca4 + -4?
-23ca8
In base 16, what is 106905 - 4?
106901
In base 4, what is 23311 - -3?
23320
In base 11, what is a - 1770?
-1761
In base 10, what is -1276 + -1625?
-2901
In base 2, what is -11010100001011 - -10111?
-11010011110100
In base 4, what is 1000 - -30111?
31111
In base 2, what is -101101011 - -11000010?
-10101001
In base 12, what is -11 - -737?
726
In base 6, what is -400451 + -25?
-400520
In base 11, what is -4 - 66746?
-6674a
In base 3, what is 12102211 + -1011?
12101200
In base 15, what is -9a - 162?
-20c
In base 14, what is -d4a2 - -19?
-d487
In base 7, what is -21 + -5663611?
-5663632
In base 12, what is 140 - 176?
-36
In base 4, what is 3 + -10320032?
-10320023
In base 4, what is 113 - 121011?
-120232
In base 9, what is -415 - -146?
-258
In base 2, what is 1011110110 - 11011000?
1000011110
In base 15, what is 53d + -94?
499
In base 12, what is 1 + 6573?
6574
In base 9, what is -57445 + -1?
-57446
In base 8, what is 11 + -625637?
-625626
In base 14, what is -1 + 9bc2?
9bc1
In base 5, what is -3204 - -4340?
1131
In base 6, what is 251112 + 3?
251115
In base 16, what is 4e787 + -1?
4e786
In base 10, what is 1 - 1858?
-1857
In base 15, what is e + -35c9a?
-35c8b
In base 15, what is 1408 + -2?
1406
In base 6, what is 121 + -344044?
-343523
In base 6, what is -5244 + -351?
-10035
In base 2, what is -110101001 - 1000110?
-111101111
In base 12, what is 1a + -19451?
-19433
In base 16, what is 383b7 + d?
383c4
In base 9, what is 71 - -388?
470
In base 10, what is 4 + -73557?
-73553
In base 14, what is 1625 - 292?
1373
In base 9, what is -3 + 255153?
255150
In base 3, what is 0 - -112010120?
112010120
In base 6, what is -55522 - 33?
-55555
In base 3, what is 101022010220 + -101?
101022010112
In base 13, what is 13879 - 0?
13879
In base 15, what is 1 + -4e3b9?
-4e3b8
In base 16, what is -34f + -4a9?
-7f8
In base 15, what is -cdec + 1?
-cdeb
In base 4, what is 103201203 - -12?
103201221
In base 2, what is -101001 - 1000001011000?
-1000010000001
In base 5, what is 11434111 - -2?
11434113
In base 6, what is -2 + 20403?
20401
In base 16, what is -597b2 - -2?
-597b0
In base 6, what is -411 + -2012?
-2423
In base 16, what is 4023b - 1?
4023a
In base 12, what is -299b9 + -1?
-299ba
In base 12, what is 34081 + -2?
3407b
In base 5, what is 44 + -3101?
-3002
In base 10, what is -529 - -5?
-524
In base 9, what is 167 - -20241?
20418
In base 6, what is -11 + 151?
140
In base 3, what is 1201220 - -2022?
1211012
In base 8, what is -3 + 166743?
166740
In base 11, what is -3 + -754a?
-7552
In base 3, what is 20212021 + 1022?
20220120
In base 2, what is -110 + -1011110000101?
-1011110001011
In base 11, what is 4 + 69435?
69